 1181*i + 5869. Determine g(-5).
-11
Let m(a) = a**3 - a**2 - 666*a + 34. Determine m(0).
34
Let v(r) = -21*r - 3712. Determine v(-177).
5
Let p(q) = q**3 - 14*q**2 - 37*q - 43. What is p(17)?
195
Let k(h) = -2*h - 21. Determine k(-21).
21
Let j(b) = 26512*b - 26518. Give j(1).
-6
Let u(z) = -124*z + 748. What is u(6)?
4
Let m(l) = -9393*l - 65745. What is m(-7)?
6
Let i(x) = x**3 + 2*x**2 - 11*x - 8. Give i(-4).
4
Let u(t) = 6*t**2 - 46*t - 10. Give u(9).
62
Let c(a) = 13*a**3 - 275*a**2 + 115*a - 1529. Determine c(21).
4
Let q(s) = -s**3 + 10*s**2 - 19*s + 63. Determine q(11).
-267
Let k(j) = -82*j**2 + 119*j + 121. Calculate k(-1).
-80
Let o(h) = 11*h**2 + 250*h + 606. Give o(-20).
6
Let s(q) = 5141*q - 35977. Calculate s(7).
10
Let i(t) = -25*t + 385. Determine i(16).
-15
Let s(i) = -3*i**3 - 19*i**2 + 13*i + 3. Calculate s(1).
-6
Let n(g) = -136*g + 5827. Calculate n(43).
-21
Let p(a) = 3*a**2 + 310*a - 1595. Calculate p(5).
30
Let o(y) = y**3 + 13*y**2 - 29*y + 40. What is o(-15)?
25
Let y(o) = o**3 - 54*o**2 - o - 338. Determine y(54).
-392
Let j(n) = -n**3 + 3*n**2 + 145*n - 445. Determine j(12).
-1
Let h(w) = 3*w**3 + 17*w**2 - 3*w - 9. Determine h(-8).
-433
Let k(n) = -6*n**2 + 41*n + 35. What is k(6)?
65
Let z(l) = 6*l**2 + 24*l - 26. Give z(1).
4
Let f(h) = 287*h + 3148. Calculate f(-11).
-9
Let c(i) = -i**2 + 29*i - 118. What is c(17)?
86
Let q(v) = -v**3 + 44*v**2 - 18*v + 784. What is q(44)?
-8
Let t(v) = -115*v**2 + 945*v - 946. What is t(1)?
-116
Let u(r) = 4*r**2 - 25*r + 2. What is u(-6)?
296
Let i(s) = -3*s**2 - 12*s + 1. Calculate i(6).
-179
Let z(p) = -95*p - 4612. Determine z(-48).
-52
Let v(g) = -3*g**3 + 3*g**2 + 4*g - 56. Determine v(4).
-184
Let x(k) = -11*k - 121. Determine x(8).
-209
Let s(k) = k**2 - 635*k - 3852. What is s(-6)?
-6
Let t(w) = -33*w**2 + 7*w + 2. Determine t(4).
-498
Let g(j) = -4*j**2 - 290*j - 3854. What is g(-14)?
-578
Let r(y) = 2*y**2 - 33*y - 29. Calculate r(17).
-12
Let u(r) = 5*r**2 + 166*r - 325. What is u(-35)?
-10
Let m(r) = -r**2 + 16*r + 193. What is m(22)?
61
Let j(y) = -2504*y - 22553. Give j(-9).
-17
Let i(o) = o**2 + 17*o - 140. Calculate i(-26).
94
Let r(x) = -30*x - 294. Determine r(-12).
66
Let k(r) = r**3 - 22*r**2 - 4*r + 117. Give k(22).
29
Let h(y) = -y**3 - 59*y**2 + 3416*y - 415. Determine h(-95).
-35
Let i(q) = -97*q**2 + 2030*q + 142. What is i(21)?
-5
Let z(c) = c**2 - 23*c + 23. Determine z(22).
1
Let c(o) = -9398*o + 9396. What is c(1)?
-2
Let h(p) = -23*p**2 - 487*p - 81. What is h(-21)?
3
Let v(x) = -x**2 + 43*x - 329. Give v(11).
23
Let p(t) = 56*t + 76. Give p(-2).
-36
Let c(p) = -250*p + 6366. Determine c(25).
116
Let v(n) = -n**3 - 9*n**2 + 10. Determine v(-4).
-70
Let k(o) = 290*o + 5. What is k(0)?
5
Let g(x) = -2*x**2 + 64*x - 83. Determine g(17).
427
Let v(u) = -55*u**3 + 79*u**2 - 10*u + 6. Determine v(2).
-138
Let s(a) = a**3 - 11*a**2 - 21*a + 82. Determine s(14).
376
Let n(x) = -x**2 + 74*x - 1077. Calculate n(20).
3
Let z(d) = -981*d**2 - 15695*d - 10. Give z(-16).
-26
Let m(j) = 2*j**3 - 10*j**2 - 26*j - 15. Give m(7).
-1
Let c(l) = l**3 + 9*l**2 - 64*l - 544. Give c(-10).
-4
Let i(s) = -s**3 + 37*s**2 + 74*s + 44. Calculate i(39).
-112
Let b(d) = -d**3 + 2*d**2 + 34*d - 126. What is b(4)?
-22
Let i(c) = 14*c**2 + 8*c - 5. Give i(0).
-5
Let s(x) = -6*x**2 - 67*x - 181. Calculate s(-5).
4
Let v(o) = -50*o + 374. Determine v(9).
-76
Let n(j) = 20*j**2 + 53*j + 53. What is n(-1)?
20
Let a(k) = -5*k**2 - 11*k + 31. Give a(0).
31
Let n(y) = -209*y - 2094. Calculate n(-10).
-4
Let p(c) = -338*c**2 + 12166*c + 81. Give p(36).
9
Let g(a) = -2*a**2 + 23512*a - 1. Calculate g(0).
-1
Let m(k) = 82*k**2 + 4*k - 4. What is m(2)?
332
Let n(b) = 6*b**3 + 251*b**2 - 24*b + 760. Give n(-42).
4
Let h(d) = 2*d**2 - 5*d - 25. Determine h(-4).
27
Let p(g) = -4*g**2 - 193*g + 3413. Determine p(-62).
3
Let x(q) = 4*q**3 - 41*q**2 - 82*q - 2. Give x(12).
22
Let y(k) = k**2 - 56*k - 12684. Give y(144).
-12
Let i(f) = -f**3 + 19*f**2 + 44*f - 15. Determine i(21).
27
Let g(u) = 10*u - 400. Give g(0).
-400
Let k(a) = -a**3 + 22*a**2 - 97*a - 74. Determine k(15).
46
Let y(j) = -72*j - 1542. Calculate y(-22).
42
Let n(t) = -2*t**2 - 47*t + 320. Calculate n(-26).
190
Let m(b) = -5*b**3 + 9*b**2 + b + 304. Give m(0).
304
Let u(a) = -a**3 - 94*a**2 + 194*a + 276. What is u(-96)?
84
Let i(h) = -392*h**2 + 5098*h - 26. Calculate i(13).
0
Let m(a) = -1483*a + 812683. Determine m(548).
-1
Let y(r) = r**3 - 146*r**2 + 1480*r + 679. Calculate y(135).
4
Let d(g) = 28*g**3 + g**2 - g - 2. Determine d(-2).
-220
Let i(a) = a**3 + 13*a**2 - 259*a - 54. Determine i(11).
1
Let n(d) = -7*d**2 - 169*d - 349. Determine n(-22).
-19
Let f(z) = -z - 167. Determine f(-12).
-155
Let q(i) = -85*i + 299. Determine q(2).
129
Let d(t) = t**3 - 60*t**2 + 270*t + 4. Determine d(5).
-21
Let n(s) = s**3 - 4*s**2 - 10*s + 4. Give n(4).
-36
Let v(a) = -278*a + 2779. Calculate v(10).
-1
Let l(z) = -12*z**2 - 46*z - 30. Determine l(-3).
0
Let k(j) = 1257*j + 1266. Calculate k(-1).
9
Let h(k) = 95*k + 381. Determine h(-4).
1
Let n(h) = 89*h - 1197. What is n(12)?
-129
Let w(d) = -d**2 + 21*d + 48. Determine w(-2).
2
Let w(j) = -2*j**3 - 98*j**2 + 104*j + 115. Determine w(-50).
-85
Let h(j) = -j**2 + 36. Give h(6).
0
Let u(t) = t**3 + t**2 + 2*t - 9. Give u(2).
7
Let s(h) = -64*h + 450. Give s(7).
2
Let u(x) = -x**3 - 52*x**2 - 23*x - 43. Give u(-52).
1153
Let z(c) = -22*c - 98. What is z(-5)?
12
Let x(q) = -4*q**2 - 2*q + 56. Give x(0).
56
Let x(s) = 72*s**2 - 4820*s - 246. Give x(67).
22
Let p(m) = -17*m. Calculate p(-2).
34
Let h(a) = -2*a**3 + 19*a**2 + 9*a + 17. What is h(9)?
179
Let w(c) = -c**2 - 11*c + 122. Determine w(-13).
96
Let i(u) = -u**3 + 18*u**2 + 17*u + 35. What is i(19)?
-3
Let q(f) = -106*f**2 - 1475*f + 125. What is q(-14)?
-1
Let l(g) = 4*g**2 - 1224*g - 2453. Calculate l(-2).
11
Let k(j) = -5*j**2 + 11*j + 24. Calculate k(4).
-12
Let k(y) = -37*y - 1131. What is k(-31)?
16
Let k(r) = 3*r**2 - 168*r + 1976. Give k(39).
-13
Let m(v) = 69*v + 613. Give m(-9).
-8
Let v(y) = -26*y**2 - 181*y. Calculate v(-7).
-7
Let u(d) = -4*d**3 + 6*d**2 + 3*d. Calculate u(-2).
50
Let j(y) = 155*y + 1868. What is j(-12)?
8
Let p(g) = -25*g**2 - 20*g + 17. What is p(-5)?
-508
Let p(h) = -h**3 + 11*h**2 + 354*h + 934. What is p(-3)?
-2
Let f(l) = -29*l - 3231. Give f(-112).
17
Let i(p) = -5*p**2 - 85*p - 17. Calculate i(-15).
133
Let t(k) = -k**3 + 33*k**2 - 36*k + 55. Give t(32).
-73
Let z(j) = j**3 + 36*j**2 + 50*j + 253. Calculate z(-35).
-272
Let j(o) = 19*o**3 + 6*o**2 - 10*o - 24. What is j(-2)?
-132
Let s(t) = -t**3 - 10*t**2 - 5*t + 101. What is s(-4)?
25
Let i(g) = 2*g**3 + 85*g**2 + 906*g + 56. What is i(-21)?
-7
Let y(r) = -2*r**2 - 15*r - 11. Calculate y(4).
-103
Let t(d) = -16*d**3 - 350*d**2 + 45*d + 33. What is t(-22)?
11
Let f(x) = -123*x + 417. What is f(3)?
48
Let z(o) = 171*o + 5114. Give z(-30).
-16
Let p(i) = 6*i**2 + 9*i - 311. Calculate p(-12).
445
Let v(s) = 66*s - 768. Calculate v(11).
-42
Let l(o) = -o**3 - 5*o**2 - 142*o - 560. Give l(-4).
-8
Let p(s) = -4*s**3 - 3*s**2 - 3*s - 2. What is p(-1)?
2
Let k(d) = -d**2 - 7*d + 8. What is k(2)?
-10
Let g(c) = -1264*c - 6267. Give g(-5).
53
Let d(v) = -13*v**2 - 363*v + 30. Give d(-28).
2
Let l(h) = -7146*h + 7154. Calculate l(1).
8
Let z(t) = -t**2 + 35*t - 335. Determine z(24).
-71
Let k(d) = 21*d + 444. Determine k(-21).
3
Let n(j) = -2479*j + 7436. Determine n(3).
-1
Let q(d) = -d**2 - d - 1. Give q(-16).
-241
Let i(y) = y**3 - 69*y**2 - 447*y + 24. Give i(-6).
6
Let n(o) = -64*o**3 + 3*o**2 + 29*o - 27. What is n(1)?
-59
Let b(r) = r**2 - 24*r + 95. Calculate b(13).
-48
Let k(m) = -m**2 - 23*m - 11. Determine k(-23).
-11
Let a(n) = -966*n + 2892. What is a(3)?
-6
Let x(o) = -4*o**3 - 115*o**2 - 84*o - 16. What is x(-28)?
-16
Let h(t) = 73*t + 7898. Give h(-108).
14
Let w(z) = -17*z**2 + z - 26. Determine w(-3).
-182
Let b(d) = d**3 + 165*d - 866. Calculate b(5).
84
Let h(i) = -i**2 - 2050*i + 8222. Determine h(4).
6
Let p(s) = s**2 - 538*s + 123. What is p(0)?
123
Let f(w) = -2*w**2 + 154*w + 643. Determine f(81).
-5
Let j(w) = 2*w**3 + 22*w**2 + 3*w + 60. Give j(-11).
27
Let l(b) = 11*b**2 + 94*b + 16. Calculate l(-8).
-32
Let u(q) = -99